.
3, 13
Let v = 15691 - 10377. List the prime factors of v.
2, 2657
Suppose -2183 = -8*q + 2105. List the prime factors of q.
2, 67
Suppose 3*x + 23 = -7. Let c be 12/(-2)*x/12. Suppose -y + 3 = -c. What are the prime factors of y?
2
Suppose -3*k - 4*t = -200, -k - 3*k + 245 = t. Suppose -g = -6*g + 110. Suppose -k = 5*f - x - 170, f - x = g. List the prime factors of f.
2, 11
Suppose 79*w - 82*w = -l - 4601, 0 = 2*l - 8. What are the prime factors of w?
5, 307
Let z = 1997 + -1485. What are the prime factors of z?
2
Let s = -484 - -140. Let j = -199 - s. List the prime factors of j.
5, 29
Let l(t) = t**2 + 4*t + 6. Let p(s) be the third derivative of -s**5/60 - 2*s**4/3 - 10*s**3/3 + 8*s**2. Let q be p(-15). What are the prime factors of l(q)?
11
Let o(x) = 2*x - 2 - 4*x**2 - x**3 + 8 - x. Let b be o(-5). Suppose -b = -5*s + 9. List the prime factors of s.
7
Suppose -150 = -5*c + u, 3*u = 3*c - u - 107. Suppose 2*t - c = t. What are the prime factors of t?
29
Let b = -17 - -23. Let s be 20/(-25)*(-75)/b. Let r = 16 + s. What are the prime factors of r?
2, 13
Suppose 0 = -0*m + 5*m. Suppose m = 2*c - 58 - 88. List the prime factors of c.
73
Suppose 0 = -2*z + 3*d + 40, 20 = -0*z + z + 2*d. Let r = z + -20. Suppose w + 2*o - 114 = -2*w, 2*w + 3*o - 81 = r. List the prime factors of w.
2, 3
Suppose j + 9 = 4*j. What are the prime factors of ((-42)/1)/((-3)/j)?
2, 3, 7
Let w(m) = -m**3 - 9*m**2 + 7. Let g be w(-9). Suppose g*x = 2*x. Suppose -3*z + 120 = -0*h + 3*h, 2*z + 5*h - 95 = x. List the prime factors of z.
5, 7
Suppose -20*y + 6*y + 29582 = 0. List the prime factors of y.
2113
Let t(m) be the second derivative of 0*m**3 - 4*m - 1/6*m**4 + 1/2*m**2 + 0 + 3/20*m**5. What are the prime factors of t(2)?
17
What are the prime factors of (-2)/10 - (-40)/(-75)*-2616?
3, 5, 31
List the prime factors of 13/(6/(-16) - 21906/(-58032)).
13, 31
Let z = -42 - -41. What are the prime factors of (80 - (z - -1)) + (-1 - -1)?
2, 5
Let a = 21 - 37. Let b = a - -31. Let t = 35 + b. What are the prime factors of t?
2, 5
What are the prime factors of -1*4/(-3) - 10168/(-24)?
5, 17
Let n(l) = -l - 4. Let s be n(-7). Suppose -3*x - 4 = 3*i - 1, 0 = -s*i - 5*x - 11. Suppose -i*c + 44 = -25. What are the prime factors of c?
23
Let o = -2199 - -2237. List the prime factors of o.
2, 19
Let g(r) = -r**2 - 7*r - 6. Let j be g(-7). Let b = 7 + j. List the prime factors of b/((4 - 0)/24).
2, 3
Let m be 72/21 - 20/(-35). Suppose -b = m*b + 25. What are the prime factors of 3 + 5/(b/(-4))?
7
Suppose 0 = -3*m - 5*f - 106, 0*f = -4*m + f - 172. Let g = m + 91. List the prime factors of g.
7
Suppose -5*i - 3 = -2*i, -2*b - 4*i = 0. Suppose 0 = b*v + 3*g - 11, -4*g - 2 = 4*v - 3*v. List the prime factors of v.
2, 5
Suppose k = -3*k - 2*l - 498, 3*l - 606 = 5*k. Let t = k + 206. What are the prime factors of t?
83
Let d = -13 + 5. Let a(c) = c**3 + 7*c**2 - 9*c + 11. Let k be a(d). Let r = 9 + k. List the prime factors of r.
2, 7
Let c be (-26)/(-52) - (-1)/(-2). Let w(h) = -2*h**2 + 5*h + 89. What are the prime factors of w(c)?
89
Suppose p - n - 2818 = 0, -19*p - 11274 = -23*p + 2*n. List the prime factors of p.
2819
Let h(b) be the second derivative of 19*b**4/12 + b**3/6 - 3*b. List the prime factors of h(-1).
2, 3
Let x(v) = -285*v - 16. What are the prime factors of x(-2)?
2, 277
Let v(g) = -17*g**2 - 191*g + 11. What are the prime factors of v(-9)?
353
Suppose -5*n = y - 1481, -5*n + 7*n - 7290 = -5*y. What are the prime factors of y?
2, 7, 13
Suppose -72 = 5*d - 3*x, 4*x - 4 = -3*d + 2*d. Let m be 20*(d/(-8) + 0). What are the prime factors of -1*m/9*-6?
2, 5
Let g = 620 + -575. What are the prime factors of g?
3, 5
Suppose -4*w + 137 = s - 94, 0 = 5*s - 3*w - 1247. List the prime factors of s.
13, 19
What are the prime factors of 1965 + -27 + -12 + 2?
2, 241
Suppose -6 - 1 = -b. Let i(z) = z**3 - 3*z**2 - 8*z + 1. List the prime factors of i(b).
3, 47
Let n = 1035 + -673. What are the prime factors of n/15 + (-32)/240?
2, 3
Let p(d) = d**3 - 6*d**2 + d + 4. Let m be p(5). Let z = -20 - -32. What are the prime factors of (44/m)/((-1)/z)?
3, 11
Let f(r) = -61*r + 87. List the prime factors of f(-10).
17, 41
Suppose 15 = 2*j + 3*j. Let w(d) = -2*d - 6 + 3*d - d - j*d. List the prime factors of w(-6).
2, 3
Let q(a) = -15*a - 92. What are the prime factors of q(-15)?
7, 19
Let s be ((-1)/4*0)/(-1) - -8. Let u(i) = 18*i - 5. What are the prime factors of u(s)?
139
Let c = 6 - 4. Suppose 0 = 2*t - t - 5*s - 53, 0 = c*t + 5*s - 151. List the prime factors of t.
2, 17
Let k(x) = x**3 + 16*x**2 - 3*x + 22. List the prime factors of k(-15).
2, 73
Let y(w) = 83*w + 248. List the prime factors of y(5).
3, 13, 17
Suppose 5*q = -25, -a + 0*q + q = -377. List the prime factors of a/(14/7)*(-4)/(-6).
2, 31
Suppose 2*p - 321 - 443 = 0. What are the prime factors of p?
2, 191
Suppose 83*t = -38*t + 124146. List the prime factors of t.
2, 3, 19
Suppose -8*q = 4*q - 5544. What are the prime factors of q?
2, 3, 7, 11
Let o(b) = -b**3 - 15*b**2 + 8*b + 6. Let w be o(-15). Let t = -53 - w. List the prime factors of t.
61
Suppose -128 - 17 = -5*r. List the prime factors of r.
29
List the prime factors of 476 + -6 + (-1 - (-5 + 2)).
2, 59
Let y be -1*2 - (-3 + 5). What are the prime factors of -5*y/(-10)*-87?
2, 3, 29
Suppose v + 741 = 5*m, -2*v + 2*m - 1482 = -0*m. What are the prime factors of 3/(((-36)/v)/4)?
13, 19
Suppose r - 23105 = -5*g, 2*g + 5*r - 10896 = -1654. List the prime factors of g.
4621
Let g = 8 + -1. Let w = -12 + g. Let t = w + 13. What are the prime factors of t?
2
Suppose -b + 20 = 4*b. Let h(a) = 13*a - 11. What are the prime factors of h(b)?
41
List the prime factors of 544/48*18/4.
3, 17
Suppose 0 = 8*g - 10*g - 4. List the prime factors of ((-235)/(-10))/(g/(-4)).
47
Let f(u) = -39*u - 6. Let s be f(2). Let c = 265 + s. List the prime factors of c.
181
Let y = -3583 - -6526. List the prime factors of y.
3, 109
Let w = -8 + 13. Suppose 125 = 10*l - w*l. Suppose -i + l = 3*c, -i - 3*i = -2*c - 72. What are the prime factors of i?
19
Suppose 0*p + 11 = -p + 5*d, -2*p - 10 = -4*d. Let l be ((-336)/36)/(p/24). Suppose -2*g + 3*g + l = 4*z, -3*z + 187 = 4*g. What are the prime factors of z?
3, 19
Let i = -797 - -799. Suppose 19 = 5*k - 6. Suppose k*g + 97 = i*c + c, 4*g + 37 = c. List the prime factors of c.
29
Let y(b) = -b**3 + 4*b**2 - 3*b + 3. Let f be y(3). Suppose 5*i - 7 = -2*w + f, 0 = 4*w - 3*i + 6. Suppose w = 5*k - 84 - 6. What are the prime factors of k?
2, 3
Let g be 6/15 - 9558/(-30). Suppose 5*t - g + 24 = 0. List the prime factors of t.
59
Let u(w) = w**2 + 4*w - 2. Let o be u(-5). Suppose b - 8 = -o*b. Suppose 4 + 1 = y + g, 0 = -b*y + g + 10. List the prime factors of y.
5
Let t(i) = i**2 + 9*i + 10. Let n be t(-8). Let w(h) = 4 - n*h + 2 - 2 - 2. What are the prime factors of w(-7)?
2
Let h(t) = 7*t**3 + 4*t**2 + 7*t + 20. What are the prime factors of h(5)?
2, 5, 103
Suppose 0 = 5*g + 10 - 0. Let o be (15/6)/(g/(-60)). Suppose n + 0*h - 23 = 3*h, -5*h + o = 5*n. List the prime factors of n.
17
Let q(f) = 1093*f - 329. List the prime factors of q(4).
13, 311
Let g = -15 - -21. Suppose 135 = g*n - 57. List the prime factors of n.
2
List the prime factors of (827/(-28) + (-24)/(-84))*-16.
2, 3, 13
What are the prime factors of (-32)/(2 + -10) - -1479?
1483
Let x = 8233 - 4910. What are the prime factors of x?
3323
Let a = 513 + 97. What are the prime factors of a?
2, 5, 61
Let l be (-12)/(-9) + -1 - (-8)/12. Let t = l - -60. List the prime factors of t.
61
Let g(v) = -45*v + 164. List the prime factors of g(-9).
569
List the prime factors of 4354/6 + 18/(-27).
5, 29
Suppose -20473 = -5*l - p - 8510, -l - 4*p = -2385. List the prime factors of l.
2393
Let j(t) = -7*t - 22 + 52 - 29. What are the prime factors of j(-2)?
3, 5
List the prime factors of (-3)/((-9)/159228*12).
4423
Suppose a + v = 4*a, 4*a = -3*v + 13. Suppose 5*h + a - 141 = 0. Let m = h + -11. What are the prime factors of m?
17
List the prime factors of (-1)/(1/663*-3).
13, 17
Suppose -30 = -3*n + 36. Let t = 45 - n. Let h = t - -17. What are the prime factors of h?
2, 5
Let j(o) = -10*o - 15*o - 3*o**2 + 2*o**2 + 31. List the prime factors of j(-24).
5, 11
Suppose -2*f + 0 + 15 = h, 0 =